{"id":3,"date":"2021-11-25T09:20:33","date_gmt":"2021-11-25T08:20:33","guid":{"rendered":"https:\/\/esthegyn.com\/expertise\/?page_id=3"},"modified":"2025-08-21T09:34:57","modified_gmt":"2025-08-21T07:34:57","slug":"polityka-prywatnosci","status":"publish","type":"page","link":"https:\/\/esthegyn.com\/expertise\/polityka-prywatnosci\/","title":{"rendered":"Polityka prywatno\u015bci"},"content":{"rendered":"<p><strong>1. Wiadomo\u015bci podstawowe<\/strong><\/p>\n<p><strong>I. Administrator danych osobowych<\/strong><br \/>Administratorem danych osobowych (ADO) zawartych w serwisie internetowym esthegyn.com\/expertise jest Esthegyn Piotr Kolczewski z siedzib\u0105 w Szczecinie przy ul. Mazurskiej 7\/4 kod: 70-424 Szczecin; wpisan\u0105 do Rejestru Przedsi\u0119biorc\u00f3w Krajowego Rejestru S\u0105dowego prowadzonego przez S\u0105d Rejonowy Szczecin Centrum w Szczecinie, XIII Wydzia\u0142 Gospodarczy \u2013 Krajowego Rejestru S\u0105dowego pod numerem KRS 0001068766 o numerze NIP: 8513302526 i numerze REGON: 52692137100000<br \/>Obowi\u0105zki Inspektora Ochrony Danych (IOD) wykonuje Zarz\u0105d sp\u00f3\u0142ki. Kontakt do IOD: kolczewski@gmail.com<\/p>\n<p><strong>II. Dane osobowe<\/strong><br \/>Dane osobowe U\u017cytkownik\u00f3w przetwarzamy w usystematyzowanych zbiorach, kt\u00f3re definiujemy przez cel ich przetwarzania. Dane te przetwarzamy w zakresie niezb\u0119dnym dla realizacji ustalonego celu.<br \/>Cel i zakres przetwarzanych konkretnych danych jest r\u00f3\u017cny w poszczeg\u00f3lnych us\u0142ugach \u2013 informacje szczeg\u00f3\u0142owe prezentujemy dla ka\u017cdej us\u0142ugi w procesie rejestracji do danej us\u0142ugi lub w regulaminie us\u0142ugi.<br \/>Przetwarzamy Pa\u0144stwa dane, kt\u00f3re nam podajecie lub udost\u0119pniacie w historii przegl\u0105dania stron i aplikacji internetowych w ramach korzystania z us\u0142ug \u2013 serwis\u00f3w lub aplikacji Esthegyn.<br \/>Przetwarzamy tak\u017ce dane zbierane podczas Pa\u0144stwa aktywno\u015bci w us\u0142ugach \u2013 serwisach internetowych i aplikacjach, m.in. odwiedzane strony i miejsca, czas wizyty w danym miejscu, Pa\u0144stwa klikni\u0119cia, spos\u00f3b korzystania z us\u0142ug, informacje o urz\u0105dzeniu ko\u0144cowym lub przegl\u0105darce, w tym jego lokalizacj\u0119.<br \/>Tworzymy i przetwarzamy dane zawarte w dziennikach zdarze\u0144. S\u0105 to wewn\u0119trzne dzienniki zdarze\u0144 serwera Serwisu, automatycznie zapisuj\u0105ce \u017c\u0105dania stron wysy\u0142ane, gdy U\u017cytkownicy odwiedzaj\u0105 jego witryny. Dzienniki systemowe zawieraj\u0105 \u017c\u0105danie strony wys\u0142ane przez U\u017cytkownika, adres IP, typ przegl\u0105darki, j\u0119zyk przegl\u0105darki, dat\u0119 i godzin\u0119 \u017c\u0105dania oraz co najmniej jeden plik \u201ecookie\u201d, kt\u00f3ry mo\u017ce jednoznacznie identyfikowa\u0107 przegl\u0105dark\u0119 U\u017cytkownika.<br \/>Ponadto, mo\u017cliwe cele przetwarzania danych osobowych to:<br \/>\u2022 ocena i analiza aktywno\u015bci, w tym w ramach profilowania (zautomatyzowanego przetwarzania danych osobowych w celu prezentacji dostosowanych reklam lub analiz rynkowych i statystycznych),<br \/>\u2022 wype\u0142nianie obowi\u0105zk\u00f3w prawnych, wynikaj\u0105cych z przepis\u00f3w powszechnie obowi\u0105zuj\u0105cego prawa, np. prawa rachunkowego lub podatkowego,<br \/>\u2022 dochodzenie roszcze\u0144 oraz odpowied\u017a na nie.<br \/>O celach przetwarzania danych osobowych informujemy zawsze przed zebraniem tych danych lub w chwili ich zbierania.<\/p>\n<p><strong>III. Ochrona danych osobowych i ich udost\u0119pnianie<\/strong><br \/>Administrator danych osobowych dochowuje szczeg\u00f3lnej i nale\u017cytej staranno\u015bci w celu ochrony praw U\u017cytkownik\u00f3w, kt\u00f3rych dane podlegaj\u0105 przetwarzaniu, a w szczeg\u00f3lno\u015bci zapewnia, aby dane te by\u0142y:<br \/>\u2022 przetwarzane zgodnie z prawem, rzetelnie i w spos\u00f3b przejrzysty,<br \/>\u2022 zbierane dla zgodnych z prawem cel\u00f3w, o kt\u00f3rych informujemy w trakcie zbierania tych danych,<br \/>\u2022 nie poddawane dalszemu przetwarzaniu niezgodnemu z celami podanymi w obowi\u0105zku informacyjnym,<br \/>\u2022 prawid\u0142owe i w razie potrzeby uaktualniane,<br \/>\u2022 merytorycznie poprawne i adekwatne w stosunku do cel\u00f3w, w jakich s\u0105 przetwarzane,<br \/>\u2022 odpowiednio zabezpieczone przed dost\u0119pem os\u00f3b nieuprawnionych, zniszczeniem, ujawnieniem oraz bezprawnym wykorzystaniem,<br \/>\u2022 przechowywane w postaci umo\u017cliwiaj\u0105cej identyfikacj\u0119 os\u00f3b, kt\u00f3rych dotycz\u0105, nie d\u0142u\u017cej ni\u017c jest to niezb\u0119dne do osi\u0105gni\u0119cia celu przetwarzania, o kt\u00f3rym informujemy przed zebraniem danych osobowych lub w czasie trwania tego procesu.<br \/>Administrator danych osobowych zastrzega, i\u017c mo\u017ce powierzy\u0107 przetwarzanie danych osobowych U\u017cytkownik\u00f3w, kt\u00f3rych danymi administruje, innym firmom w celu prawid\u0142owego wykonania przez te firmy czynno\u015bci zwi\u0105zanych z administracj\u0105, utrzymywaniem oraz zarz\u0105dzaniem Serwisem, a tak\u017ce z dochodzeniem roszcze\u0144 oraz wyja\u015bnieniem okoliczno\u015bci niedozwolonego korzystania z us\u0142ug \u015bwiadczonych drog\u0105 elektroniczn\u0105.<br \/>Pa\u0144stwa dane nie s\u0105 przekazywane poza Europejski Obszar Gospodarczy.<br \/><strong><br \/>IV. Podstawa i czas przetwarzania danych osobowych<\/strong><br \/>Zbieraj\u0105c dane osobowe, zawsze informujemy o podstawie prawnej ich przetwarzania. Gdy informujemy o:<br \/>\u2022 6 pkt 1 lit. a) RODO \u2013 oznacza to, \u017ce przetwarzamy dane osobowe na podstawie otrzymanej zgody,<br \/>\u2022 6 pkt 1 lit. b) RODO \u2013 oznacza to, \u017ce przetwarzamy dane osobowe, poniewa\u017c s\u0105 one niezb\u0119dne do wykonania umowy lub do podj\u0119cia dzia\u0142a\u0144 przed jej zawarciem, na otrzymane \u017c\u0105danie,<br \/>\u2022 6 pkt 1 lit. c) RODO \u2013 oznacza to, \u017ce przetwarzamy dane osobowe w celu wype\u0142nienia obowi\u0105zku prawnego,<br \/>\u2022 6 pkt 1 lit. f) RODO \u2013 oznacza to, \u017ce przetwarzamy dane osobowe w celu wykonania prawnie uzasadnionych interes\u00f3w, o kt\u00f3rych zawsze informujemy.<br \/>Mo\u017cemy r\u00f3wnie\u017c przetwarza\u0107 dane osobowe na podstawie innych przepis\u00f3w szczeg\u00f3\u0142owych, takich jak Ustawa o \u015bwiadczeniu us\u0142ug drog\u0105 elektroniczn\u0105.<br \/>Czas przetwarzania danych osobowych jest zale\u017cny od podstawy i celu ich przetwarzania tych danych. Informujemy o nim zawsze przed zebraniem danych osobowych lub w trakcie tego procesu. Przyk\u0142adowe okresy przechowywania danych osobowych:<br \/>\u2022 Dane osobowe przetwarzane w zwi\u0105zku z dzia\u0142aniami marketingowymi, b\u0119d\u0105 przetwarzane do czasu otrzymania sprzeciwu wobec przetwarzania tych danych.<br \/>\u2022 Dane osobowe przetwarzane na podstawie zgody na przetwarzanie tych danych, b\u0119d\u0105 przetwarzane do czasu jej cofni\u0119cia.<br \/>\u2022 Dane osobowe przetwarzane przy u\u017cyciu plik\u00f3w cookies i podobnych technologii, b\u0119d\u0105 przetwarzane do czasu usuni\u0119cia tych plik\u00f3w przy pomocy ustawie\u0144 przegl\u0105darki lub urz\u0105dzenia \/ urz\u0105dzenia oraz wniesienia sprzeciwu wobec ich przetwarzania.<br \/>\u2022 Dane osobowe przetwarzane w zwi\u0105zku z realizacj\u0105 obowi\u0105zuj\u0105cych przepis\u00f3w prawa (np. w celu wystawienia faktury) b\u0119d\u0105 przetwarzane w terminie wymaganym powszechnie obowi\u0105zuj\u0105cymi przepisami prawa rachunkowego i podatkowego.<br \/>\u2022 Dane osobowe zwi\u0105zane ze \u015bwiadczeniem us\u0142ug, w tym sprzeda\u017cy, b\u0119d\u0105 przechowywane do czasu mo\u017cliwego dochodzenia roszcze\u0144 od nas lub przez nas, tj. zgodnie z powszechnie obowi\u0105zuj\u0105cymi terminami przedawnienia roszcze\u0144.<br \/><strong><br \/>V. Uprawnienia U\u017cytkownika<\/strong><br \/>W zwi\u0105zku z przetwarzaniem danych osobowych, osobom, kt\u00f3rych dane osobowe przetwarzamy, przys\u0142uguj\u0105 zwi\u0105zane z tym przetwarzaniem uprawnienia. Mo\u017cliwo\u015b\u0107 skorzystania z poni\u017cszych uprawnie\u0144 jest zale\u017cna od podstawy prawnej przetwarzania danych osobowych.<br \/>Prawo dost\u0119pu do danych<br \/>Osoba, kt\u00f3rej dane dotycz\u0105, jest uprawniona do uzyskania od nas potwierdzenia, czy przetwarzane s\u0105 dane osobowe jej dotycz\u0105ce. Je\u017celi ma to miejsce, jest uprawniona do uzyskania dost\u0119pu do nich oraz dodatkowych informacji (m, in. cele, kategorie, odbiorcy, retencja, uprawnienia, \u017ar\u00f3d\u0142o).<br \/>Po otrzymaniu takiego \u017c\u0105dania, jeste\u015bmy zobowi\u0105zani dostarczy\u0107 kopi\u0119 danych osobowych podlegaj\u0105cych przetwarzaniu. Je\u017celi takie \u017c\u0105danie wp\u0142ywa drog\u0105 elektroniczn\u0105 i je\u017celi nie otrzymamy innego zastrze\u017cenia, informacji udzielimy r\u00f3wnie\u017c drog\u0105 elektroniczn\u0105.<br \/><strong><br \/>VI.Prawo do sprostowania danych<\/strong><br \/>Osoba, kt\u00f3rej dane dotycz\u0105, ma prawo \u017c\u0105dania od nas niezw\u0142ocznego sprostowania dotycz\u0105cych jej danych osobowych, kt\u00f3re s\u0105 nieprawid\u0142owe. Z uwzgl\u0119dnieniem cel\u00f3w przetwarzania, ma ona prawo \u017c\u0105dania uzupe\u0142nienia niekompletnych danych osobowych, w tym poprzez przedstawienie dodatkowego o\u015bwiadczenia.<br \/><strong><br \/>VII. Prawo do bycia zapomnianym<\/strong><br \/>Osoba, kt\u00f3rej dane dotycz\u0105, ma prawo \u017c\u0105dania od nas niezw\u0142ocznego usuni\u0119cia dotycz\u0105cych jej danych osobowych. Mamy w\u00f3wczas obowi\u0105zek bez zb\u0119dnej zw\u0142oki usun\u0105\u0107 dane osobowe, je\u017celi zachodzi jedna z nast\u0119puj\u0105cych okoliczno\u015bci:<br \/>\u2022 cofni\u0119to zgod\u0119 na przetwarzanie danych osobowych i nie ma innej podstawy przetwarzania,<br \/>\u2022 wnios\u0142a skuteczny sprzeciw wobec przetwarzania,<br \/>\u2022 dane osobowe by\u0142y przetwarzane niezgodnie z prawem,<br \/>\u2022 dane osobowe musz\u0105 zosta\u0107 usuni\u0119te w celu wywi\u0105zania si\u0119 z obowi\u0105zku prawnego,<br \/>\u2022 dane zosta\u0142y zebrane w zwi\u0105zku z oferowaniem us\u0142ug spo\u0142ecze\u0144stwa informacyjnego.<\/p>\n<p><strong>VIII. Prawo do ograniczenia przetwarzania<\/strong><br \/>Osoba, kt\u00f3rej dane dotycz\u0105, ma prawo \u017c\u0105dania od nas ograniczenia przetwarzania w nast\u0119puj\u0105cych przypadkach:<br \/>\u2022 osoba, kt\u00f3rej dane dotycz\u0105, kwestionuje prawid\u0142owo\u015b\u0107 danych osobowych \u2013 na okres pozwalaj\u0105cy nam sprawdzi\u0107 prawid\u0142owo\u015b\u0107 tych danych;<br \/>\u2022 przetwarzanie jest niezgodne z prawem, a osoba, kt\u00f3rej dane dotycz\u0105, sprzeciwia si\u0119 usuni\u0119ciu danych osobowych, \u017c\u0105daj\u0105c w zamian ograniczenia ich wykorzystywania;<br \/>\u2022 nie potrzebujemy ju\u017c danych osobowych do cel\u00f3w przetwarzania, ale s\u0105 one potrzebne osobie, kt\u00f3rej dane dotycz\u0105, do ustalenia, dochodzenia lub obrony roszcze\u0144;<br \/>\u2022 osoba, kt\u00f3rej dane dotycz\u0105, wnios\u0142a sprzeciw na mocy art. 21 ust. 1 RODO wobec przetwarzania \u2013 do czasu stwierdzenia, czy prawnie uzasadnione podstawy po naszej stronie administratora s\u0105 nadrz\u0119dne wobec podstaw sprzeciwu osoby, kt\u00f3rej dane dotycz\u0105.<\/p>\n<p><strong>IX. Prawo do sprzeciwu<\/strong><br \/>Osoba, kt\u00f3rej dane dotycz\u0105, ma prawo w dowolnym momencie wnie\u015b\u0107 sprzeciw \u2013 z przyczyn zwi\u0105zanych z jej szczeg\u00f3ln\u0105 sytuacj\u0105 \u2013 wobec przetwarzania dotycz\u0105cych jej danych osobowych opartego na art. 6 ust. 1 lit. f) (uzasadniony interes administratora), w tym profilowania. W\u00f3wczas nie wolno nam ju\u017c przetwarza\u0107 tych danych osobowych, chyba \u017ce wyka\u017cemy istnienie wa\u017cnych prawnie uzasadnionych podstaw do przetwarzania, nadrz\u0119dnych wobec interes\u00f3w, praw i wolno\u015bci osoby, kt\u00f3rej dane dotycz\u0105, lub podstaw do ustalenia, dochodzenia lub obrony roszcze\u0144.<br \/>Tak\u017ce je\u017celi osoba, kt\u00f3rej dane dotycz\u0105, wniesie sprzeciw wobec przetwarzania do cel\u00f3w marketingu bezpo\u015bredniego (w tym profilowania w celach marketingowych), danych osobowych nie wolno ju\u017c przetwarza\u0107 do takich cel\u00f3w.<br \/>Zautomatyzowane decyzje, w tym profilowanie<br \/>Osoba, kt\u00f3rej dane dotycz\u0105, ma prawo do tego, by nie podlega\u0107 decyzji, kt\u00f3ra opiera si\u0119 wy\u0142\u0105cznie na zautomatyzowanym przetwarzaniu, w tym profilowaniu, i wywo\u0142uje wobec tej osoby skutki prawne lub w podobny spos\u00f3b istotnie na ni\u0105 wp\u0142ywa.<br \/>Prawo nie ma zastosowania, je\u017celi ta decyzja:<br \/>\u2022 jest niezb\u0119dna do zawarcia lub wykonania umowy mi\u0119dzy osob\u0105, kt\u00f3rej dane dotycz\u0105, a nami;<br \/>\u2022 jest dozwolona prawem Unii lub prawem Rzeczypospolitej Polskiej i kt\u00f3re przewiduje w\u0142a\u015bciwe \u015brodki ochrony praw, wolno\u015bci i prawnie uzasadnionych interes\u00f3w osoby, kt\u00f3rej dane dotycz\u0105; lub<br \/>\u2022 opiera si\u0119 na wyra\u017anej zgodzie osoby, kt\u00f3rej dane dotycz\u0105.<br \/>Ch\u0119\u0107 skorzystania z kt\u00f3regokolwiek z przys\u0142uguj\u0105cych praw nale\u017cy zg\u0142osi\u0107 pisemnie na adres kontaktowy Administratora lub mailowy na adres IOD, kt\u00f3re zosta\u0142y wskazane w punkcie pierwszym niniejszej Polityki.<br \/>Przy uzasadnionych w\u0105tpliwo\u015bciach, co do Pa\u0144stwa to\u017csamo\u015bci przy sk\u0142adaniu w\/w \u017c\u0105da\u0144, Administrator zastrzega sobie mo\u017cliwo\u015b\u0107 za\u017c\u0105dania dodatkowych informacji niezb\u0119dnych do jej potwierdzenia.<br \/>W przypadku uznania, \u017ce przetwarzanie Pa\u0144stwa danych odbywa si\u0119 niezgodnie z przepisami, przys\u0142uguje Pa\u0144stwu prawo wniesienia skargi do Prezesa Urz\u0119du Ochrony Danych Osobowych.<br \/><strong><br \/>2. Zakup w sklepie.<\/strong><\/p>\n<p>Przetwarzamy niezb\u0119dne dane potrzebne do realizacji zam\u00f3wienia poprzez stron\u0119 internetowa wraz z obs\u0142ug\u0105 p\u0142atnicza.<br \/>Jak d\u0142ugo przetwarzamy dane?<br \/>Twoje dane przetwarzane b\u0119d\u0105 do czasu istnienia podstawy do ich przetwarzania tj.:<br \/>\u2022 w przypadku udzielenia zgody do momentu jej cofni\u0119cia, ograniczenia lub innych dzia\u0142a\u0144 z Twojej strony ograniczaj\u0105cych t\u0119 zgod\u0119,<br \/>\u2022 w przypadku niezb\u0119dno\u015bci danych do wykonania umowy, przez czas jej wykonywania i do momentu up\u0142ywu przedawnienia roszcze\u0144 z tej umowy (3 lata lub 6 lat), w przypadku okresu 6-letniego jest on zgodnie z art. 118 kodeksu cywilnego wyd\u0142u\u017cany do ko\u0144ca roku kalendarzowego, w kt\u00f3rym up\u0142ywa 6 lat biegu terminu \u2013 np. je\u015bli 6 lat biegu terminu up\u0142ywa 1 maja danego roku, to termin przedawnienia wyd\u0142u\u017cany jest do 31 grudnia tego roku). Pocz\u0105tek biegu terminu liczony jest od dnia wymagalno\u015bci roszczenia,<br \/>\u2022 w przypadku, gdy podstaw\u0105 przetwarzania danych jest uzasadniony interes administratora, do czasu zg\u0142oszenia przez Ciebie skutecznego sprzeciwu, w celach podatkowych i rachunkowych w zakresie i przez czas zgodny z obowi\u0105zuj\u0105cymi przepisami.<br \/>Jakie prawa przys\u0142uguj\u0105 U\u017cytkownikom jako podmiotom danych osobowych?<br \/>Zgodnie z przepisami Og\u00f3lnego Rozporz\u0105dzenia dotycz\u0105cego Ochrony Danych Osobowych (rozporz\u0105dzenie Parlamentu Europejskiego i Rady (UE) 2016\/679 z 27.04.2016 r. w sprawie ochrony os\u00f3b fizycznych w zwi\u0105zku z przetwarzaniem danych osobowych i w sprawie swobodnego przep\u0142ywu takich danych oraz uchylenia dyrektywy 95\/46\/WE \u2013 (RODO), przys\u0142uguj\u0105 Pa\u0144stwu nast\u0119puj\u0105ce prawa :<br \/>\u2022 prawo dost\u0119pu do danych, w tym uzyskania kopii danych,<br \/>\u2022 prawo \u017c\u0105dania sprostowania danych<br \/>\u2022 prawo do usuni\u0119cia danych (prawo do bycia zapomnianym),<br \/>\u2022 prawo wniesienia skargi do organu nadzorczego ochrony danych osobowych, jakim jest w Polsce Prezes Urz\u0119du Ochrony Danych Osobowych,<br \/>\u2022 prawo do ograniczenia przetwarzania danych.<br \/>\u2022 prawo sprzeciwu (sprzeciw wobec przetwarzania, sprzeciw wobec marketingu bezpo\u015bredniego, w tym profilowania, sprzeciw uzasadniony wobec przetwarzania Twoich danych w uzasadnionym interesie Administratora).<\/p>\n<p><strong>3. Polityka cookies<\/strong><\/p>\n<p>e-stom.pl stosuje tzw. ciasteczka (ang. cookies). S\u0105 to ma\u0142e pliki tekstowe umieszczane na urz\u0105dzeniach u\u017cytkownik\u00f3w ko\u0144cowych (np. komputerach) za po\u015brednictwem przegl\u0105darek internetowych. Pliki te pozwalaj\u0105 na przechowywanie okre\u015blonych informacji na urz\u0105dzeniu u\u017cytkownika ko\u0144cowego, a nast\u0119pnie ich odczytanie przez serwis, kt\u00f3ry te pliki stworzy\u0142. Cookies zawieraj\u0105 zwykle, opr\u00f3cz nazwy domeny serwisu internetowego, z kt\u00f3rego pochodz\u0105, tak\u017ce czas przechowywania ich na urz\u0105dzeniu ko\u0144cowym oraz unikatowy numer. Cookies wykorzystywane s\u0105 przez nas w celu:<br \/>a) dopasowania zawarto\u015bci witryn sklepu internetowego do indywidualnych upodoba\u0144 u\u017cytkownika oraz optymalizacji korzystania przez niego ze stron internetowych, (cookies pozwalaj\u0105 w szczeg\u00f3lno\u015bci na rozpoznanie urz\u0105dzenia u\u017cytkownika strony i odpowiednie jej wy\u015bwietlenie, tak by by\u0142a ona mo\u017cliwie najlepiej dostosowana do jego jednostkowych potrzeb),<br \/>b) utrzymania sesji u\u017cytkownika sklepu internetowego po zalogowaniu \u2013 jest to niezwykle przydatne dla u\u017cytkownika, gdy\u017c zapobiega konieczno\u015bci ponownego logowania si\u0119 (podawania loginu i has\u0142a) na ka\u017cdej kolejnej podstronie sklepu internetowego,<br \/>c) tworzenia statystyk (aby\u015bmy mogli lepiej zrozumie\u0107, w jaki spos\u00f3b u\u017cytkownicy korzystaj\u0105 ze stron internetowych, a w konsekwencji mogli ulepszy\u0107 struktur\u0119 i zawarto\u015b\u0107 tych stron),<br \/>d) dostarczania u\u017cytkownikom tre\u015bci reklamowych odpowiadaj\u0105cych ich indywidualnym preferencjom i zami\u0142owaniom.<br \/>Zazwyczaj przegl\u0105darka internetowa u\u017cytkownika domy\u015blnie dopuszcza przechowywanie plik\u00f3w cookies w urz\u0105dzeniu ko\u0144cowym u\u017cytkownika. W ka\u017cdej chwili jednak u\u017cytkownicy sklepu internetowego maj\u0105 mo\u017cliwo\u015b\u0107 i prawo do dokonywania zmiany ustawie\u0144 dotycz\u0105cych cookies. Aby dokona\u0107 zmiany ustawie\u0144 plik\u00f3w cookies u\u017cytkownicy powinni zapozna\u0107 si\u0119 ze szczeg\u00f3\u0142owymi informacjami o mo\u017cliwo\u015bciach i sposobach obs\u0142ugi cookies, kt\u00f3re s\u0105 dost\u0119pne w ustawieniach przegl\u0105darki internetowej. W przypadku, gdy u\u017cytkownik nie zgadza si\u0119 na umieszczanie na swoim urz\u0105dzeniu plik\u00f3w cookies, mo\u017ce zablokowa\u0107 ich umieszczenie odpowiednio konfiguruj\u0105c swoj\u0105 przegl\u0105dark\u0119 internetow\u0105. Informacje jak to zrobi\u0107 znajdzie w plikach pomocy swojej przegl\u0105darki internetowej. Niestety w przypadku zablokowania plik\u00f3w cookies pochodz\u0105cych z naszych stron nie mo\u017cemy zagwarantowa\u0107 jego poprawnego dzia\u0142ania. Je\u017celi u\u017cytkownik nie dokona zmiany ustawie\u0144 w zakresie cookies, to pliki te b\u0119d\u0105 zamieszczone w urz\u0105dzeniu ko\u0144cowym u\u017cytkownika. Oznacza to, i\u017c b\u0119dziemy przechowywa\u0107 informacje w urz\u0105dzeniu ko\u0144cowym u\u017cytkownika i uzyskiwa\u0107 dost\u0119p do tych informacji.<\/p>\n<p><strong>4. Google Analytics, Google AdWords<\/strong><\/p>\n<p>Na stronach internetowych obs\u0142ugiwanych przez SPS Media u\u017cywana s\u0105 tak\u017ce technologie funkcjonalnie to\u017csamych lub zbli\u017conych do cookies, takich jak Google Analytics, Google AdWords. Zawarte w polityce prywatno\u015bci informacje dotycz\u0105ce cookies maj\u0105 zastosowanie r\u00f3wnie\u017c do innych podobnych technologii stosowanych w ramach naszego sklepu internetowego.<br \/>Powierzanie i udost\u0119pnianie danych osobowych u\u017cytkownik\u00f3w<br \/>1. Jako Administrator danych osobowych u\u017cytkownik\u00f3w, na podstawie art. 31 ustawy z dnia 29 sierpnia 1997 r. o ochronie danych osobowych (Dz.U. z 2016 r. poz. 922 z p\u00f3\u017an. zm.), mo\u017cemy w drodze umowy powierza\u0107 przetwarzanie tych danych innym podmiotom.<br \/>2. Udost\u0119pnienie danych osobowych u\u017cytkownika innym osobom lub instytucjom mo\u017cliwe jest tylko za wyra\u017an\u0105 zgod\u0105 u\u017cytkownika lub na jego \u017cyczenie, a tak\u017ce w innych przypadkach przewidzianych przepisami prawa.<br \/>4. Kontakt<br \/>1. W sprawach zwi\u0105zanych z realizacj\u0105 zam\u00f3wienia kontaktujemy si\u0119 z u\u017cytkownikiem korzystaj\u0105c z podanego przez u\u017cytkownika adresu e-mail. Tylko w szczeg\u00f3lnych sytuacjach korzystamy z podanego przez u\u017cytkownika numeru telefonu.<br \/>2. W przypadku jakichkolwiek pyta\u0144 lub w\u0105tpliwo\u015bci co do polityki prywatno\u015bci i bezpiecze\u0144stwa danych osobowych u\u017cytkownik\u00f3w zach\u0119camy do kontaktu pod naszym numerem telefonu +48 692 425 515 lub poprzez adres e-mail kolczewski@gmail.com.<br \/>W przypadku ch\u0119ci aktualizacji lub usuni\u0119cia danych osobowych u\u017cytkownika, o ile u\u017cytkownik nie mo\u017ce lub nie chce zrobi\u0107 tego samodzielnie, prosimy o kontakt pod naszym numerem telefonu +48 692 425 515 lub poprzez adres e-mail kolczewski@gmail.com.<br \/>W powy\u017cszych sprawach mo\u017cna r\u00f3wnie\u017c korespondowa\u0107 z nami pod adresem: Esthegyn Piotr Kolczewski . ul. Mazurska 7\/4, 70-424 Szczecin<\/p>\n","protected":false},"excerpt":{"rendered":"<p>1. Wiadomo\u015bci podstawowe I. Administrator danych osobowychAdministratorem danych osobowych (ADO) zawartych w serwisie internetowym esthegyn.com\/expertise jest Esthegyn Piotr Kolczewski z [&hellip;]<\/p>\n","protected":false},"author":1,"featured_media":0,"parent":0,"menu_order":0,"comment_status":"closed","ping_status":"open","template":"","meta":{"footnotes":""},"class_list":["post-3","page","type-page","status-publish","hentry"],"_links":{"self":[{"href":"https:\/\/esthegyn.com\/expertise\/wp-json\/wp\/v2\/pages\/3","targetHints":{"allow":["GET"]}}],"collection":[{"href":"https:\/\/esthegyn.com\/expertise\/wp-json\/wp\/v2\/pages"}],"about":[{"href":"https:\/\/esthegyn.com\/expertise\/wp-json\/wp\/v2\/types\/page"}],"author":[{"embeddable":true,"href":"https:\/\/esthegyn.com\/expertise\/wp-json\/wp\/v2\/users\/1"}],"replies":[{"embeddable":true,"href":"https:\/\/esthegyn.com\/expertise\/wp-json\/wp\/v2\/comments?post=3"}],"version-history":[{"count":1,"href":"https:\/\/esthegyn.com\/expertise\/wp-json\/wp\/v2\/pages\/3\/revisions"}],"predecessor-version":[{"id":10010,"href":"https:\/\/esthegyn.com\/expertise\/wp-json\/wp\/v2\/pages\/3\/revisions\/10010"}],"wp:attachment":[{"href":"https:\/\/esthegyn.com\/expertise\/wp-json\/wp\/v2\/media?parent=3"}],"curies":[{"name":"wp","href":"https:\/\/api.w.org\/{rel}","templated":true}]}}